on divisor of 3 and p?
3
Let j be ((-2)/(-3))/((-3)/(-153)). Suppose u - 3 = -3*d + 13, j = 4*d - 5*u. Let x be (1 - d/3)/((-8)/64). Calculate the highest common divisor of x and 1.
1
Let l = -39180 - -39617. Suppose -4*d = -5*u + 107, 4*u - 4*d - 88 = -0*d. Calculate the greatest common divisor of l and u.
19
Suppose -3*b + 10*b = b + 240. What is the greatest common factor of 528 and b?
8
Suppose 145 + 59 = 4*d. Suppose -53*x = -d*x - 90. Suppose x = -7*m + 10*m. What is the highest common factor of m and 5?
5
Suppose -k + 10 = 3*x, 0*x + 6 = x - k. Suppose 7*s - 3*s + x*z - 156 = 0, -165 = -5*s + z. What is the greatest common divisor of 4 and s?
2
Let f = 2850 - 2834. Let g = -473 + 793. Suppose 0*z = -5*z + g. Calculate the greatest common divisor of z and f.
16
Let u = 4848 - 4461. Calculate the highest common factor of 12 and u.
3
Suppose -15*l - 55 - 185 = 0. Let u(m) = -m**3 - 21*m**2 - 87*m - 13. Let r be u(l). What is the highest common divisor of 9 and r?
9
Suppose 45 = j - 5*r, -2*r - 248 = -16*j + 11*j. Calculate the greatest common factor of 350 and j.
50
Let q be (-1 - -5) + (4 + -17 - -354). Suppose -3*l = -15, -5*d + 0*l + q = 3*l. What is the highest common divisor of d and 1254?
66
Let i be 80/100*(-45)/(-2). Let q(z) = -3*z**2 + 60*z - 27. Let a be q(i). Calculate the highest common factor of 18 and a.
9
Suppose -22*d + 6480 = 7*d + 25*d. Suppose -3*v - 24 = -78. Calculate the highest common divisor of v and d.
6
Let a(p) = 3*p + 6. Let x be a(3). Let h = -18 - x. Let m = h + 87. Calculate the highest common factor of m and 36.
18
Let l be (-672)/84*3405/(-12). Calculate the highest common factor of l and 20.
10
Suppose 5*l = 5*y - 2430, -2*y + 613 = l - 356. Let w = 880 - y. What is the highest common factor of 5 and w?
5
Let v be -4 + ((-825)/5)/(-5). Let o(a) = a**3 - 29*a**2 + 6*a - 50. Let k be o(v). Calculate the greatest common divisor of 62 and k.
62
Let x(o) = -o**3 - 9*o**2 - 8*o + 6. Let a be x(-8). Suppose 5*t = -2*p + 42, -2*p + 2*t + 36 + a = 0. What is the greatest common divisor of 49 and p?
7
Suppose -652*c = -672*c + 306900. Calculate the highest common divisor of c and 90.
45
Suppose -2*r + t = -1672, 0 = -3*r + 2*t + 983 + 1524. Let f be r/15 + 2/10. Let j = 89 - f. What is the highest common divisor of j and 231?
33
Let m = -47 - -52. Let y(r) = -2*r**2 + 11*r. Let a be y(m). Suppose t + 6 = -a*b, -12 = 4*b - 4. Calculate the greatest common factor of 4 and t.
4
Suppose -5*n - 2*z + 16165 = 0, 8*n + 3*z - 6477 = 6*n. Calculate the highest common factor of 18 and n.
9
Let x(p) = -p**2 + p + 9. Let u be x(-5). Let d = 8 + u. Let m be (-34)/6*(d + 10). What is the greatest common factor of 17 and m?
17
Let h(g) = -g**2 - 16*g - 19. Suppose 6*d = 7*d - 3. Suppose d*y = -20 - 1. Let p be h(y). Calculate the highest common divisor of p and 11.
11
Let k = -2677 + 2683. Suppose -2*w + 6*m = 2*m - 28, -17 = -w + 5*m. Calculate the greatest common factor of k and w.
6
Let v be (-71 + 72)/((-1)/(-43)). Let k be -6 + (v - (-7 - -7)). What is the greatest common factor of k and 259?
37
Let z = -21437 + 21473. What is the greatest common divisor of z and 1014?
6
Let z(g) = 2*g**2 + 21*g - 40. Suppose -2*w - q = 38 - 8, -4*q = 4*w + 56. Let p be z(w). Calculate the highest common divisor of 17 and p.
17
Let j(i) = i**3 + 48*i**2 + 176*i + 18. Let z be j(-44). Calculate the highest common divisor of z and 234.
18
Suppose -3*i + 11*i - 48 = 0. Let n be (-2)/i*(-10 + -431). What is the highest common divisor of 98 and n?
49
Let p = -70583 - -70589. Let u = -71 + 617. Calculate the greatest common factor of u and p.
6
Suppose -5*d - 340 = -r, 7*r - 3*d = 6*r + 330. What is the greatest common divisor of r and 140?
35
Suppose -4*i + 1036 = -10*k - 9296, -8 = k. What is the greatest common factor of 1165 and i?
233
Let a be (2 + 1)*(-45)/(-27). Suppose 0 = n - 5*q - 42, -q + a*q = -8. Let p be 6/(-9) + (5915/21 - -7). What is the greatest common factor of n and p?
32
Let v = 1868 - 1844. What is the greatest common divisor of 2124 and v?
12
Let t be (-3)/6*-1 + (-42)/84*-161. Suppose 14 = -3*v + 176. What is the highest common factor of v and t?
27
Suppose 8*n = -2*n - 40. Let m be 1/(-5*n/5300). Suppose 4*p - m = 43. What is the greatest common divisor of 11 and p?
11
Suppose 0 = 1729*s - 1698*s - 19220. Calculate the greatest common factor of s and 992.
124
Suppose 23*u - 87505 = -32*u. What is the greatest common factor of 43 and u?
43
Let w be (3 + -59 + -4)/(-6 + 4). Let m be 91/3 - ((-2)/(-3))/2. What is the highest common factor of m and w?
30
Suppose -3*d = -5*d - o + 4101, 2049 = d + o. What is the highest common divisor of d and 76?
76
Let o = 3593 + 9327. Calculate the highest common divisor of 85 and o.
85
Suppose 23*g + 6812 - 13204 = 15895. Calculate the highest common divisor of g and 2394.
57
Let w = -3370 - -13663. Calculate the greatest common divisor of 141 and w.
141
Let s be (-354)/(-8) - (-5)/(-20). Suppose -l + 4*z + 58 = 0, 5*l + 162*z - 166*z = 322. Calculate the greatest common factor of l and s.
22
Suppose 18*i - 9*i = 19*i - 44820. What is the highest common factor of 54 and i?
54
Let k(r) = 14*r**2 + 287*r - 32. Let v be k(-21). Suppose -b = -113 + 21. Calculate the greatest common divisor of v and b.
23
Let v = 7022 + -7017. What is the highest common divisor of v and 3365?
5
Let u(o) = o**3 - 2*o**2 - 13*o - 17. Let a be u(6). Calculate the greatest common divisor of 1883 and a.
7
Let y be 18045/(7 - (-481)/(-78)). Calculate the highest common divisor of y and 54.
54
Suppose 5*j = -i + j + 21, -4*i + 4 = -4*j. Let y(n) = -n**3 + 7*n**2 - 6*n + 4. Let q be y(i). What is the greatest common factor of 336 and q?
24
Let q = 28 + -15. Suppose w - q = 37. Let d(j) = 4*j**2 + 4. Let i be d(2). Calculate the greatest common factor of w and i.
10
Suppose 4*c - 5*j = -25, -5*c - j = j + 56. Let s be (-12)/c - (-864)/30. Calculate the highest common factor of s and 45.
15
Let a(d) be the third derivative of d**6/120 - 4*d**5/15 + 5*d**4/24 - 35*d**3/6 + 14*d**2. Let p be a(16). Calculate the highest common factor of p and 105.
15
Let s(z) = z**3 - 16*z**2 - 37*z + 28. Let x be s(18). Calculate the highest common factor of 2730 and x.
10
Suppose -2*g - 2*t = -4*t - 472, -1195 = -5*g + 2*t. Let r = g - 219. What is the greatest common divisor of 154 and r?
22
Let f be 6/(-16) - (4983/24 + -10). Let r = -184 - f. Calculate the greatest common divisor of r and 91.
7
Let q = -6271 + 6303. Calculate the highest common divisor of 1288 and q.
8
Let a = -380 + 557. Let i = 181 - a. Calculate the greatest common divisor of i and 16.
4
Let g(b) = -3*b**2 + 78*b - 22. Suppose -2*m = 6 + 4, -3*h = m - 64. Let u be g(h). What is the greatest common divisor of u and 5?
5
Let o = 161 - 140. Let p be o - (7 - 6)*6. What is the highest common factor of p and 33?
3
Let d(z) = 6*z**2 + 60*z - 103. Let v be d(-16). What is the greatest common divisor of 1118 and v?
43
Let u = -4382 - -17240. Calculate the highest common factor of 6 and u.
6
Let l = -9154 + 10242. Calculate the highest common factor of l and 352.
32
Let h = 40312 + -9264. What is the greatest common factor of 8 and h?
8
Suppose -20*r + 17728 = 4928. Calculate the highest common divisor of 60 and r.
20
Let m(n) = 7*n**2 - 82*n + 1504. Let d be m(17). What is the highest common factor of 243 and d?
27
Suppose -33670 = -12*n - 36*n - 22*n. Calculate the highest common divisor of 65 and n.
13
Suppose 0 = -126*x + 117*x + 792. Let i(r) = 2*r - 4. Let l be i(3). Let n(b) = 6*b**2 - 2*b + 2. Let w be n(l). What is the highest common divisor of w and x?
22
Suppose 2*k = 2*d + 2, 3*d + 0*k = 2*k + 1. Suppose 2*f = d*q - 4*q + 38, -5*q = -3*f + 44. Calculate the greatest common divisor of f and 36.
18
Suppose 0 = -0*d - 3*d + 162. Let s = -2430 + 2434. Suppose -2*a - v + 36 = -3*v, -3*a + d = -s*v. Calculate the greatest common factor of 36 and a.
18
Let d be (22850/8 - -1)*88/550*25. Calculate the highest common divisor of d and 44.
11
Suppose 0 = 5*c + 19800 - 25455. Calculate the greatest common factor of 1653 and c.
87
Let d be 6*(-2 + 4 - -17). Let v(n) = n**3 - 21*n**2 + 2*n + 69. Let l be v(10). Let z = 1087 + l. What is the highest common factor of d and 